 is the greatest common divisor of 9 and d?
3
Let n be (-3)/2*24/(-9). Let q be n/14 + 183/21. Let a be (1/((-4)/8))/(2/(-3)). Calculate the highest common divisor of q and a.
3
Let r = -47 + -131. Let i be -4*(-3)/6 - r. Suppose u + 72 = 5*u. Calculate the highest common divisor of i and u.
18
Let z(r) = -r**2 + 2*r. Let y be z(5). Let p = -11 - y. Let d be ((-3)/(-2))/(p/24). Calculate the highest common divisor of d and 18.
9
Suppose 4*b - 92 = 28. Let l = 11 - 38. Let v = l - -39. Calculate the highest common factor of v and b.
6
Suppose 18 - 162 = -8*b. What is the greatest common divisor of b and 27?
9
Let n be ((-6)/7)/(15/(-70)). What is the greatest common divisor of n and 32?
4
Let q(x) = 8*x**2 - x**3 + 2*x - 5*x**2 + 0*x**3 + 5*x**2. Let a be q(6). Let t be (-125)/(-10) - 2/4. Calculate the greatest common divisor of a and t.
12
Let t(x) = x**3 + 4*x**2 + 5. Let g be t(-4). Calculate the greatest common factor of 5 and g.
5
Let b = 6 + -4. Suppose 5 = b*c - 1. Suppose -2*d + 315 = c*d. What is the greatest common factor of d and 9?
9
Suppose 44 = 3*k - 2*z, 0*z + 5*z = 5*k - 65. Calculate the greatest common factor of k and 198.
18
Suppose -52 = -2*a + 4*r, -4*a + 152 = 7*r - 3*r. What is the greatest common factor of 102 and a?
34
Let u(x) = -2*x + 45. Let m be u(0). Suppose 2*q - 16 = 2. Calculate the greatest common divisor of q and m.
9
Suppose -12 = 3*j, 3*z + 0*j - 32 = 5*j. Suppose -z*c - c + 360 = 0. Let l(o) = -o + 2. Let q be l(-6). What is the greatest common factor of c and q?
8
Let z be (4/6)/(-1 - 38/(-36)). What is the highest common factor of z and 48?
12
Suppose -4*q + 0*q = 168. Let o be -6*(3 - q/(-4)). Calculate the greatest common factor of o and 30.
15
Suppose v = -3*v. Let s = v - -2. Let m(a) = 7*a**2 - 1. Let h be m(1). What is the highest common factor of h and s?
2
Suppose -5*h = 33 - 373. What is the greatest common divisor of 17 and h?
17
Suppose 3*b + 23 = -b - 3*r, 2*b - 2*r = -22. Let c = b + 12. Let v be (-13)/(-3) + 1/(-3). What is the greatest common factor of v and c?
4
Suppose 0*s = -3*s - 9. Let v be (-4)/(-1)*3/s. Let w be (0 - 1) + (-2 - v). Calculate the highest common divisor of w and 4.
1
Suppose -3*x = -5*c - 35, 0*c = 3*x + 3*c - 51. Calculate the highest common factor of x and 15.
15
Suppose 0 = 5*s - 2*x - 343 - 80, 2*x = 2*s - 168. Let u(i) = 8*i**2 + 2 - 2 - i. Let d be u(-2). Calculate the highest common factor of d and s.
17
Let l be (-3)/(-18) - (-355)/30. Calculate the highest common divisor of l and 132.
12
Suppose -5*r + 4*d = -0*d - 192, -120 = -3*r + 4*d. Calculate the greatest common factor of r and 54.
18
Let d(c) = -2*c - 34. Let m be d(-23). Calculate the highest common factor of m and 84.
12
Suppose 2*u - 15 = 5*u, -5*p + 20 = u. Let n(l) = l**3 - 6*l**2 + 5*l + 4. Let g be n(p). What is the highest common factor of g and 10?
2
Let c be (-6 + 0)*(-16)/24. Suppose -4*d + 12 = c. Let n be 112/18 + (-4)/18. What is the greatest common factor of d and n?
2
Suppose -l + 49 = -y - 7, -2*l = 2*y - 112. What is the highest common factor of 42 and l?
14
Let g(b) = 12*b**3 + b**2 - b. Let j be g(1). Let c be 12 - 3/(j/(-8)). Calculate the greatest common divisor of 70 and c.
14
Let i(o) = 3*o**2 - 15*o + 5. Let q be i(6). Calculate the greatest common divisor of 69 and q.
23
Suppose -t + 2*r - 2 = 0, -2*r + 0 = -4. Suppose -5*x = 3*j - 0*x - 23, -5*j - x + 31 = 0. Let w = t + j. What is the greatest common divisor of w and 8?
8
Let q be (-7657)/(-78) + (-1)/6. What is the highest common divisor of q and 7?
7
Suppose -2*t + t + 2 = 0. Suppose 3*s - t = 16. Calculate the highest common divisor of 24 and s.
6
Suppose 8*o = 293 + 187. What is the greatest common divisor of 24 and o?
12
Let o be (7/3)/((-1)/(-6)). Calculate the highest common factor of o and 112.
14
Let v = 103 + -69. What is the highest common factor of 34 and v?
34
Let c(f) = -3*f + 27. Let z be c(0). What is the greatest common factor of z and 3?
3
Let j = -8 + 21. Let o(z) = z**2 - 10*z - 19. Let v be o(j). What is the greatest common factor of v and 4?
4
Let g = 131 - 79. Suppose -4*p - 4*x = -66 + 242, -g = p - x. Let k = p - -69. What is the highest common divisor of 3 and k?
3
Let b(p) = p**2 + 21*p + 55. Let i be b(-26). What is the greatest common divisor of 74 and i?
37
Let i = 29 - 22. Let j be ((-24)/14)/(i/(-882)). What is the highest common divisor of 27 and j?
27
Let p(a) = 109*a - 4. Let o be p(1). What is the highest common divisor of o and 21?
21
Let t be (0 - (-1)/1) + 1. Suppose y + d = 31, -t*d - 102 = -5*y + 32. Let a be 1/4 - 334/(-8). What is the greatest common factor of a and y?
14
Suppose 0*x + 3*x - 384 = 0. Let h be (-6)/(-4)*x/24. What is the greatest common divisor of 88 and h?
8
Suppose -3*k = -2*s - 310, 2*k - 4*s - 100 = k. Let l = -786 + 496. Let v be (-10)/55 + l/(-22). What is the greatest common divisor of k and v?
13
Suppose 0 = -2*q - 0*q + 16. Suppose -310 = -5*w + 5*x, 4*x - 5 - 3 = 0. Calculate the highest common divisor of q and w.
8
Let f = 4 - 5. Let r be 6*f*105/(-6). Calculate the greatest common divisor of r and 21.
21
Suppose 3*m - 237 = -5*g, 3*g - 3*m - m = 119. What is the highest common factor of 405 and g?
45
Let i(l) = -10*l - 2. Let v be i(-3). Let q = v + -13. Calculate the highest common divisor of q and 10.
5
Let f be (-10)/(-2)*(8 - 7). Suppose 0 = 4*a, -f*a - 36 = -2*k + 6. Calculate the greatest common factor of k and 105.
21
Let v be (-2 + (-12)/(-2))*1. Suppose 1 = -v*h + 5. What is the greatest common divisor of 4 and h?
1
Suppose -2*t = -18 - 0. Let d be (33/(-4))/(t/(-24)). What is the greatest common divisor of d and 198?
22
Let f be (-6)/(-15) + 174/15. Let g(z) = 3*z - 9. Let u be g(5). Calculate the greatest common factor of u and f.
6
Suppose -3*i = 2*i - 25. Suppose 36 = -k + i*k. Let l be 6/(-1)*(-1 - 2). What is the greatest common divisor of l and k?
9
Let c(u) = u**2 + 7*u + 5. Let o = -20 - -30. Suppose -r = -2 + o. Let y be c(r). What is the greatest common divisor of 52 and y?
13
Suppose 0 = 4*u + h - 0*h - 17, 3*u = 4*h - 11. What is the greatest common factor of 2 and u?
1
Let f(b) = b**2 - 4*b. Let v be f(5). Suppose -o - 2*o + 15 = 0. What is the greatest common divisor of o and v?
5
Let a = 5 + -1. Let g(j) = 83*j**2. Let c be g(1). Suppose u = -5*z + c, -u + 19 = z - 0*u. What is the greatest common divisor of z and a?
4
Let r be 25/9 - (-16)/72. Calculate the greatest common factor of r and 6.
3
Let n be (1 - 2)/1*-38. Let m = 2 + 0. Suppose -m*z = -110 - 80. Calculate the highest common factor of z and n.
19
Let o be ((-21)/6)/(1/(-22)). Suppose 5*d + 22 = 77. What is the greatest common factor of d and o?
11
Let k(t) = 4*t - 4*t + 3*t + 8 + 10*t. Let i be k(7). What is the highest common factor of 11 and i?
11
Suppose 4*p + 4 = -4, w - 94 = 2*p. Suppose 6*f - 4*f + 4*r - 36 = 0, -5*f = -4*r - 34. Calculate the highest common divisor of w and f.
10
Let f be 10/45 - 2426/(-18). Calculate the greatest common divisor of 15 and f.
15
Let a(r) = r + 5. Let v be -3 - (-1 - -3) - -1. Let f be a(v). Let i = 12 + -3. Calculate the highest common factor of f and i.
1
Suppose 3*r - 2*d - 18 = 0, 19 = 2*r + 2*r - d. Let v be (-100)/(-15) + r/(-6). What is the greatest common divisor of v and 6?
6
Suppose 36 = -4*l + 4. Let g = l + 23. Let k = -12 - -22. Calculate the greatest common factor of g and k.
5
Let a be (-3 - -2*1)*2. Let c = a - -3. Let z = -49 + 51. What is the highest common factor of c and z?
1
Suppose f = -n + 14, 2*f = -3*n + 10 + 22. What is the highest common divisor of f and 2?
2
Let s be (-8)/36 + (-438)/(-27). Let d be 4/s - (-222)/8. What is the highest common factor of 4 and d?
4
Suppose 5*v + 30 = d + v, v = 0. Calculate the greatest common factor of d and 240.
30
Suppose 0 = -q - 4*u - 20, -2*u = 7 + 1. Let n be (-26)/(-10) + q/(-10). Let p be -1 - (-22 + 1 + -1). What is the highest common divisor of p and n?
3
Suppose 0 = -2*b + c + 67, 8*b = 4*b + 5*c + 143. Calculate the highest common factor of 16 and b.
16
Suppose -s - 124 = -5*i, 2*i = -2*i - 4*s + 80. Calculate the greatest common factor of 16 and i.
8
Suppose 4*x - 9 = 3, -38 = -2*v - 4*x. Calculate the highest common divisor of 117 and v.
13
Let m(y) = -